{"id":84,"date":"2025-02-20T09:04:06","date_gmt":"2025-02-20T08:04:06","guid":{"rendered":"https:\/\/rstoiture.fr\/?page_id=84"},"modified":"2025-03-10T09:51:04","modified_gmt":"2025-03-10T08:51:04","slug":"charpente","status":"publish","type":"page","link":"https:\/\/rstoiture.fr\/index.php\/charpente\/","title":{"rendered":"CHARPENTE"},"content":{"rendered":"\n<div class=\"wp-block-group alignfull has-accent-background-color has-background\" style=\"margin-top:0;margin-bottom:0;padding-top:var(--wp--preset--spacing--50);padding-right:var(--wp--preset--spacing--50);padding-bottom:var(--wp--preset--spacing--50);padding-left:var(--wp--preset--spacing--50)\"><div class=\"wp-block-group__inner-container is-layout-constrained wp-container-core-group-is-layout-2bafd31c wp-block-group-is-layout-constrained\">\n<div class=\"wp-block-columns alignwide is-layout-flex wp-container-core-columns-is-layout-4d397ad4 wp-block-columns-is-layout-flex\">\n<div class=\"wp-block-column is-vertically-aligned-stretch is-layout-flow wp-block-column-is-layout-flow\" style=\"flex-basis:50%\">\n<div class=\"wp-block-group is-vertical is-content-justification-stretch is-layout-flex wp-container-core-group-is-layout-d9786264 wp-block-group-is-layout-flex\" style=\"min-height:100%\">\n<p class=\"has-heading-font-family has-x-large-font-size\" style=\"line-height:1.2\">La <strong>charpente<\/strong> un est des \u00e9l\u00e9ments indispensables d\u2019un logement. Vous devez en prendre soin afin d\u2019\u00e9viter tous types de d\u00e9gradations.<\/p>\n\n\n\n<p class=\"has-medium-font-size\">Pour plus de s\u00fbret\u00e9, nous vous conseillons de faire examiner votre charpente par<strong>&nbsp;<\/strong>un expert. Il pourra d\u00e9tecter les \u00e9ventuelles faiblesses et apporter les solutions ad\u00e9quates et d\u00e9cider de&nbsp;<strong>r\u00e9nover une partie de la charpente&nbsp;<\/strong>en partie ou faire une&nbsp;<strong>r\u00e9novation int\u00e9grale de la charpente<\/strong>.<\/p>\n\n\n\n<p class=\"has-medium-font-size\">Qu\u2019il s\u2019agisse d\u2019une nouvelle construction ou d\u2019une r\u00e9novation, l\u2019entreprise <strong>RS TOITURE<\/strong> est \u00e0 votre \u00e9coute&nbsp;!<\/p>\n\n\n\n<p class=\"has-medium-font-size\">Nous \u00e9valuons votre projet \u00e0 domicile et vous proposons un travail soign\u00e9.<\/p>\n\n\n\n<p class=\"has-medium-font-size\">Toutes nos prestations sont sous garantie d\u00e9cennale.<\/p>\n\n\n\n<p class=\"has-heading-font-family has-x-large-font-size\" style=\"line-height:1.2\">B\u00e9n\u00e9ficiez de notre <strong>expertise<\/strong> et notre <strong>exp\u00e9rience<\/strong> !<\/p>\n\n\n\n<div class=\"wp-block-group is-content-justification-left\"><div class=\"wp-block-group__inner-container is-layout-constrained wp-container-core-group-is-layout-ebdfa9d7 wp-block-group-is-layout-constrained\">\n<div class=\"wp-block-buttons is-layout-flex wp-block-buttons-is-layout-flex\"><\/div>\n<\/div><\/div>\n<\/div>\n<\/div>\n\n\n\n<div class=\"wp-block-column is-vertically-aligned-center is-layout-flow wp-block-column-is-layout-flow\" style=\"flex-basis:50%\">\n<figure class=\"wp-block-image size-full is-style-default\"><img loading=\"lazy\" decoding=\"async\" width=\"1688\" height=\"1125\" src=\"https:\/\/rstoiture.fr\/wp-content\/uploads\/2025\/02\/charpente_bois.jpg\" alt=\"\" class=\"wp-image-771\" style=\"aspect-ratio:3\/4;object-fit:cover\" srcset=\"https:\/\/rstoiture.fr\/wp-content\/uploads\/2025\/02\/charpente_bois.jpg 1688w, https:\/\/rstoiture.fr\/wp-content\/uploads\/2025\/02\/charpente_bois-300x200.jpg 300w, https:\/\/rstoiture.fr\/wp-content\/uploads\/2025\/02\/charpente_bois-1024x682.jpg 1024w, https:\/\/rstoiture.fr\/wp-content\/uploads\/2025\/02\/charpente_bois-768x512.jpg 768w, https:\/\/rstoiture.fr\/wp-content\/uploads\/2025\/02\/charpente_bois-1536x1024.jpg 1536w, https:\/\/rstoiture.fr\/wp-content\/uploads\/2025\/02\/charpente_bois-1620x1080.jpg 1620w\" sizes=\"(max-width: 1688px) 100vw, 1688px\" \/><\/figure>\n<\/div>\n<\/div>\n<\/div><\/div>\n","protected":false},"excerpt":{"rendered":"<p>La charpente un est des \u00e9l\u00e9ments indispensables d\u2019un logement. Vous devez en prendre soin afin d\u2019\u00e9viter tous types de d\u00e9gradations. Pour plus de s\u00fbret\u00e9, nous vous conseillons de faire examiner votre charpente par&nbsp;un expert. Il pourra d\u00e9tecter les \u00e9ventuelles faiblesses et apporter les solutions ad\u00e9quates et d\u00e9cider de&nbsp;r\u00e9nover une partie de la charpente&nbsp;en partie ou [&hellip;]<\/p>\n","protected":false},"author":1,"featured_media":0,"parent":0,"menu_order":0,"comment_status":"closed","ping_status":"closed","template":"","meta":{"saved_in_kubio":true,"footnotes":""},"class_list":["post-84","page","type-page","status-publish","hentry"],"kubio_ai_page_context":{"short_desc":"","purpose":"general"},"_links":{"self":[{"href":"https:\/\/rstoiture.fr\/index.php\/wp-json\/wp\/v2\/pages\/84","targetHints":{"allow":["GET"]}}],"collection":[{"href":"https:\/\/rstoiture.fr\/index.php\/wp-json\/wp\/v2\/pages"}],"about":[{"href":"https:\/\/rstoiture.fr\/index.php\/wp-json\/wp\/v2\/types\/page"}],"author":[{"embeddable":true,"href":"https:\/\/rstoiture.fr\/index.php\/wp-json\/wp\/v2\/users\/1"}],"replies":[{"embeddable":true,"href":"https:\/\/rstoiture.fr\/index.php\/wp-json\/wp\/v2\/comments?post=84"}],"version-history":[{"count":4,"href":"https:\/\/rstoiture.fr\/index.php\/wp-json\/wp\/v2\/pages\/84\/revisions"}],"predecessor-version":[{"id":810,"href":"https:\/\/rstoiture.fr\/index.php\/wp-json\/wp\/v2\/pages\/84\/revisions\/810"}],"wp:attachment":[{"href":"https:\/\/rstoiture.fr\/index.php\/wp-json\/wp\/v2\/media?parent=84"}],"curies":[{"name":"wp","href":"https:\/\/api.w.org\/{rel}","templated":true}]}}