{"id":87,"date":"2025-02-20T09:04:28","date_gmt":"2025-02-20T08:04:28","guid":{"rendered":"https:\/\/rstoiture.fr\/?page_id=87"},"modified":"2025-03-10T16:16:52","modified_gmt":"2025-03-10T15:16:52","slug":"photovoltaique","status":"publish","type":"page","link":"https:\/\/rstoiture.fr\/index.php\/photovoltaique\/","title":{"rendered":"PHOTOVOLTAIQUE"},"content":{"rendered":"\n<div class=\"wp-block-group alignfull has-accent-background-color has-background\" style=\"margin-top:0;margin-bottom:0;padding-top:var(--wp--preset--spacing--50);padding-right:var(--wp--preset--spacing--50);padding-bottom:var(--wp--preset--spacing--50);padding-left:var(--wp--preset--spacing--50)\"><div class=\"wp-block-group__inner-container is-layout-constrained wp-container-core-group-is-layout-2bafd31c wp-block-group-is-layout-constrained\">\n<div class=\"wp-block-columns alignwide is-layout-flex wp-container-core-columns-is-layout-4d397ad4 wp-block-columns-is-layout-flex\">\n<div class=\"wp-block-column is-vertically-aligned-stretch is-layout-flow wp-block-column-is-layout-flow\" style=\"flex-basis:50%\">\n<div class=\"wp-block-group is-vertical is-content-justification-stretch is-layout-flex wp-container-core-group-is-layout-d9786264 wp-block-group-is-layout-flex\" style=\"min-height:100%\">\n<p><\/p>\n\n\n\n<p class=\"has-large-font-size\">Un <strong>projet solaire <\/strong>constitue un investissement durable pour faire des \u00e9conomies.<\/p>\n\n\n\n<p class=\"has-medium-font-size\">Pour assurer une installation solaire, il est recommand\u00e9 de faire appel \u00e0 des <strong>professionnels certifi\u00e9s<\/strong> RGE QUALI ENR et RGE QUALI ELEC.<\/p>\n\n\n\n<p class=\"has-medium-font-size\"><strong>RS TOITURE <\/strong>est labellis\u00e9e <strong>RGE QUALI ENR<\/strong> depuis 2022 et travaille avec des \u00e9lectriciens certifi\u00e9s <strong>RGE QUALI ELEC<\/strong>.<\/p>\n\n\n\n<p class=\"has-medium-font-size\">Installer des<strong> panneaux photovolta\u00efques<\/strong> sur sa toiture est possible o\u00f9 que vous habitiez en France. La production d\u00e9pendra surtout de la r\u00e9gion o\u00f9 vous habitez, des caract\u00e9ristiques de votre installation et de votre consommation \u00e9lectrique. Nous posons en <strong>int\u00e9gration<\/strong> ou <strong>sur imposition<\/strong> des tuiles selon l\u2019esth\u00e9tique et les prescriptions de votre commune.<\/p>\n\n\n\n<p class=\"has-medium-font-size\">Pour calculer la <strong>rentabilit\u00e9<\/strong>, plusieurs \u00e9l\u00e9ments doivent \u00eatre pris en compte&nbsp;:<\/p>\n\n\n\n<ul class=\"wp-block-list\">\n<li class=\"has-medium-font-size\">Votre situation g\u00e9ographique,<\/li>\n\n\n\n<li class=\"has-medium-font-size\">Les caract\u00e9ristiques de votre logement (surface, p\u00e9riode de construction, etc \u2026)<\/li>\n\n\n\n<li class=\"has-medium-font-size\">Votre consommation d\u2019\u00e9nergie et son mode de chauffage,<\/li>\n\n\n\n<li class=\"has-medium-font-size\">Vos types d\u2019appareils \u00e9lectriques,<\/li>\n\n\n\n<li class=\"has-medium-font-size\">Votre consommation \u00e9lectrique annuelle.<\/li>\n<\/ul>\n<\/div>\n<\/div>\n\n\n\n<div class=\"wp-block-column is-vertically-aligned-center is-layout-flow wp-block-column-is-layout-flow\" style=\"flex-basis:50%\">\n<figure class=\"wp-block-image size-large is-style-default\"><img loading=\"lazy\" decoding=\"async\" width=\"1024\" height=\"949\" src=\"http:\/\/rstoiture.fr\/wp-content\/uploads\/2025\/03\/panneau-recadre-1024x949.jpg\" alt=\"\" class=\"wp-image-807\" style=\"aspect-ratio:3\/4;object-fit:cover\" srcset=\"https:\/\/rstoiture.fr\/wp-content\/uploads\/2025\/03\/panneau-recadre-1024x949.jpg 1024w, https:\/\/rstoiture.fr\/wp-content\/uploads\/2025\/03\/panneau-recadre-300x278.jpg 300w, https:\/\/rstoiture.fr\/wp-content\/uploads\/2025\/03\/panneau-recadre-768x712.jpg 768w, https:\/\/rstoiture.fr\/wp-content\/uploads\/2025\/03\/panneau-recadre.jpg 1080w\" sizes=\"(max-width: 1024px) 100vw, 1024px\" \/><\/figure>\n<\/div>\n<\/div>\n<\/div><\/div>\n\n\n\n<div class=\"wp-block-group alignfull has-accent-background-color has-background\" style=\"margin-top:0;margin-bottom:0;padding-top:var(--wp--preset--spacing--50);padding-right:var(--wp--preset--spacing--50);padding-bottom:var(--wp--preset--spacing--50);padding-left:var(--wp--preset--spacing--50)\"><div class=\"wp-block-group__inner-container is-layout-constrained wp-container-core-group-is-layout-2bafd31c wp-block-group-is-layout-constrained\">\n<div class=\"wp-block-columns alignwide is-layout-flex wp-container-core-columns-is-layout-4d397ad4 wp-block-columns-is-layout-flex\">\n<div class=\"wp-block-column is-vertically-aligned-stretch is-layout-flow wp-block-column-is-layout-flow\" style=\"flex-basis:50%\">\n<div class=\"wp-block-group is-vertical is-content-justification-stretch is-layout-flex wp-container-core-group-is-layout-d9786264 wp-block-group-is-layout-flex\" style=\"min-height:100%\">\n<figure class=\"wp-block-gallery has-nested-images columns-default is-cropped wp-block-gallery-1 is-layout-flex wp-block-gallery-is-layout-flex\">\n<figure class=\"wp-block-image size-large\"><img loading=\"lazy\" decoding=\"async\" width=\"667\" height=\"889\" data-id=\"820\" src=\"https:\/\/rstoiture.fr\/wp-content\/uploads\/2025\/03\/panneaux-photo-edited.jpg\" alt=\"\" class=\"wp-image-820\" srcset=\"https:\/\/rstoiture.fr\/wp-content\/uploads\/2025\/03\/panneaux-photo-edited.jpg 667w, https:\/\/rstoiture.fr\/wp-content\/uploads\/2025\/03\/panneaux-photo-edited-225x300.jpg 225w\" sizes=\"(max-width: 667px) 100vw, 667px\" \/><\/figure>\n<\/figure>\n<\/div>\n<\/div>\n\n\n\n<div class=\"wp-block-column is-vertically-aligned-center is-layout-flow wp-block-column-is-layout-flow\" style=\"flex-basis:50%\">\n<p class=\"has-large-font-size\"><strong>RS TOITURE<\/strong> peut vous conseiller et vous \u00e9tablir une \u00e9tude de synth\u00e8se avec rentabilit\u00e9.<\/p>\n\n\n\n<p class=\"has-medium-font-size\">L\u2019\u00e9tude est toujours <strong>d\u00e9taill\u00e9e<\/strong> et expliqu\u00e9e. Nos produits sont sur la liste verte des assurances fran\u00e7aises.<\/p>\n\n\n\n<p class=\"has-medium-font-size\">Le projet est valid\u00e9, nous vous accompagnons dans les <strong>d\u00e9marches<\/strong>&nbsp;:<\/p>\n\n\n\n<ul class=\"wp-block-list\">\n<li class=\"has-medium-font-size\">Maintenance de l\u2019installation.<\/li>\n<\/ul>\n\n\n\n<ul class=\"wp-block-list\">\n<li class=\"has-medium-font-size\">D\u00e9p\u00f4t d\u2019une demande pr\u00e9alable de travaux,<\/li>\n<\/ul>\n\n\n\n<ul class=\"wp-block-list\">\n<li class=\"has-medium-font-size\">Demande de raccordement aupr\u00e8s d\u2019ENEDIS<\/li>\n<\/ul>\n\n\n\n<ul class=\"wp-block-list\">\n<li class=\"has-medium-font-size\">Cr\u00e9ation d\u2019un compte aupr\u00e8s d\u2019EDF OA (EDF Obligation d\u2019Achat)<\/li>\n<\/ul>\n\n\n\n<ul class=\"wp-block-list\">\n<li class=\"has-medium-font-size\">D\u00e9claration fin de chantier<\/li>\n<\/ul>\n<\/div>\n<\/div>\n<\/div><\/div>\n","protected":false},"excerpt":{"rendered":"<p>Un projet solaire constitue un investissement durable pour faire des \u00e9conomies. Pour assurer une installation solaire, il est recommand\u00e9 de faire appel \u00e0 des professionnels certifi\u00e9s RGE QUALI ENR et RGE QUALI ELEC. RS TOITURE est labellis\u00e9e RGE QUALI ENR depuis 2022 et travaille avec des \u00e9lectriciens certifi\u00e9s RGE QUALI ELEC. Installer des panneaux photovolta\u00efques [&hellip;]<\/p>\n","protected":false},"author":1,"featured_media":0,"parent":0,"menu_order":0,"comment_status":"closed","ping_status":"closed","template":"","meta":{"saved_in_kubio":true,"footnotes":""},"class_list":["post-87","page","type-page","status-publish","hentry"],"kubio_ai_page_context":{"short_desc":"","purpose":"general"},"_links":{"self":[{"href":"https:\/\/rstoiture.fr\/index.php\/wp-json\/wp\/v2\/pages\/87","targetHints":{"allow":["GET"]}}],"collection":[{"href":"https:\/\/rstoiture.fr\/index.php\/wp-json\/wp\/v2\/pages"}],"about":[{"href":"https:\/\/rstoiture.fr\/index.php\/wp-json\/wp\/v2\/types\/page"}],"author":[{"embeddable":true,"href":"https:\/\/rstoiture.fr\/index.php\/wp-json\/wp\/v2\/users\/1"}],"replies":[{"embeddable":true,"href":"https:\/\/rstoiture.fr\/index.php\/wp-json\/wp\/v2\/comments?post=87"}],"version-history":[{"count":10,"href":"https:\/\/rstoiture.fr\/index.php\/wp-json\/wp\/v2\/pages\/87\/revisions"}],"predecessor-version":[{"id":821,"href":"https:\/\/rstoiture.fr\/index.php\/wp-json\/wp\/v2\/pages\/87\/revisions\/821"}],"wp:attachment":[{"href":"https:\/\/rstoiture.fr\/index.php\/wp-json\/wp\/v2\/media?parent=87"}],"curies":[{"name":"wp","href":"https:\/\/api.w.org\/{rel}","templated":true}]}}